2
Suppose -4*y - 2*q + 20 = 0, -6 + 24 = 4*y + 3*q. Suppose -f + 137 = 3*u, f - y*f = -10. Calculate the greatest common factor of u and 18.
9
Let q(f) = f**3 + 5*f**2 - 8*f. Let h be q(-5). Let c be (-1)/(-3)*0/(-2) + h. Calculate the highest common divisor of c and 10.
10
Suppose 108 = -45*d + 49*d. Suppose 486 = 15*t - 12*t. Calculate the highest common divisor of d and t.
27
Suppose 0*o - 298 = -4*o - 2*r, -5*o + 4*r = -379. Suppose -5*p + o - 15 = 0. Calculate the highest common factor of 6 and p.
6
Let t(i) = -i**3 + 2*i**2 + 9*i + 2 - 3*i**2 - 4*i. Let k be t(-4). What is the greatest common divisor of k and 12?
6
Let s = -79 - -172. Calculate the greatest common divisor of s and 12.
3
Let j(b) = 2*b**3 + 42*b**2 - 17*b - 53. Let n be j(-21). What is the highest common factor of n and 57?
19
Let q(b) be the first derivative of -b**3/3 + 39*b**2/2 - 20*b + 10. Let n be q(19). What is the highest common factor of n and 36?
36
Let u be -2 + (0 - -2) + 33/(-11). Let r be u/(-7) - 123/(-7). Calculate the greatest common factor of r and 63.
9
Let i(p) = 30*p**2 - 26*p - 11. Let s be i(-1). Suppose -2*o = -4, -6*m + 3*m - 3*o + 951 = 0. Calculate the highest common factor of m and s.
45
Suppose -2*v + 2*v + 8*v = 0. Suppose v = 6*b - 12*b + 624. Calculate the highest common factor of b and 26.
26
Let k be (-2)/(-6)*(3 - 3). Suppose 5*b + 3*x - 5 = k, 4*b - x = x + 4. What is the greatest common divisor of 2 and b?
1
Let g(i) = 11*i**2 + 10*i. Let q(l) = 23*l**2 + 21*l. Let a(f) = 9*g(f) - 4*q(f). Let w be a(-5). What is the highest common factor of 29 and w?
29
Let b be 0*(-1)/(-1) + 4. Suppose -86 = -b*k - 14. Let y(m) = -m + 2. Let n be y(-1). What is the highest common factor of n and k?
3
Let w = -5 + 16. Let y(r) = r. Let l(d) = -5*d - 3. Let u(n) = l(n) + 6*y(n). Let k be u(w). What is the greatest common factor of 72 and k?
8
Let o be (11 - 1) + (7 - (-1 + 16)). Suppose -5 = 3*q + 19. Let t = 12 + q. What is the highest common factor of t and o?
2
Let a = 66 - 62. Suppose 0*i - 72 = -2*i. Calculate the greatest common factor of a and i.
4
Let b = -88 + 220. Suppose -23*m + 730 + 139 = -1155. What is the highest common factor of m and b?
44
Let l(v) = 2 + 0 - 2 + v. Let h be l(10). Let p(q) = 3*q + 10. Let w be p(h). What is the greatest common divisor of w and 20?
20
Let d(x) = -x**2 + 9*x - 8. Suppose a - 3*g - 8 = 0, 5*g = -3 - 2. Let j be d(a). Suppose -4*q + 252 = 12. What is the greatest common factor of q and j?
12
Let r = 51 + 9. Suppose -8*w + r = -3*w. Calculate the greatest common factor of w and 108.
12
Let g be (117/(-65))/(((-42)/(-20))/(-7)). What is the highest common factor of 24 and g?
6
Let a = 130 - -134. Suppose -76*d + 62*d = -462. Calculate the greatest common factor of a and d.
33
Let d(c) = 57*c + 248. Let a be d(-4). Let u = -69 - -169. Calculate the greatest common divisor of u and a.
20
Let g(t) = -35*t - 110. Let i be g(-4). What is the greatest common divisor of i and 130?
10
Suppose 0 = 2*x - 420 - 758. What is the greatest common factor of x and 62?
31
Suppose 2*c - 8 = 3*t, -5*c + 4*t - 1 = -21. Let s be (-176)/(-10) + c/10 - 1. What is the greatest common divisor of s and 187?
17
Let t be 5/((-15)/9)*(-2)/3. Suppose -t*b - 5*y = 3*b - 35, 0 = 2*b + y - 16. Calculate the greatest common divisor of b and 36.
9
Let v(x) = x**3 - 6*x**2 - 3*x + 21. Suppose 0 = 2*s - 3*t - 20, -6*t = 4*s - t - 18. Let b be v(s). What is the greatest common factor of 7 and b?
7
Let d(h) = 118*h**2 - 1. Let i be d(-1). Let a = 189 - i. Let q = 3 + a. What is the greatest common divisor of 15 and q?
15
Let b(x) = -3*x**2 - 29*x - 10. Let t be b(-9). Calculate the greatest common factor of 1 and t.
1
Let s(c) = 2*c**2 - 61*c - 224. Let v be s(36). What is the highest common factor of 774 and v?
86
Let m(l) = 5*l**2 - 39*l + 80. Let s be m(10). Calculate the highest common factor of s and 342.
38
Let h(r) = -7*r**3 + r**2 - 1. Let u be h(-1). Let o = u - 4. Suppose 0 = -p - o*s + 159, 0*p + 167 = p + s. Calculate the greatest common factor of p and 19.
19
Suppose 36 = 2*d + 2*c, 56 = 3*d + 29*c - 25*c. Suppose -1216 = -7*f + 3*f. What is the greatest common factor of f and d?
16
Let x be (0 - -56) + 0/8. Let d be (-3)/(-2)*x/42. What is the greatest common factor of d and 16?
2
Let v(p) = -3*p + 36. Let m be v(6). What is the greatest common divisor of 72 and m?
18
Suppose 5*w = 22 - 7. Suppose -w*a = 4*a - 196. What is the greatest common divisor of 196 and a?
28
Let p = 146 + -83. Suppose 4*f + 108 = 2*b, 3*b - b = -5*f + p. What is the greatest common factor of b and 4?
4
Suppose -3*j - l - l = -294, 4*j - l - 403 = 0. Suppose 20 = 5*u - j. What is the greatest common factor of u and 1?
1
Let d(p) be the third derivative of p**5/60 + 13*p**4/24 + 11*p**3/2 - 27*p**2. Let c be d(-12). Calculate the highest common divisor of c and 3.
3
Suppose 27*z + 60 = 28*z. What is the greatest common factor of 105 and z?
15
Let c be 286*((-15)/6 + 3). Let d be (-54)/(-13) - 22/c. Calculate the greatest common factor of 44 and d.
4
Suppose 4*k - 183 = -5*z + 758, 2*z + 2*k = 376. Calculate the greatest common factor of 54 and z.
27
Let w be 6 + (0 - 1)/(-1). Suppose 27*m - 24*m = -9, h = 3*m + 16. What is the highest common factor of w and h?
7
Suppose 4*k - 180 = 332. Let a be (-24)/(-5)*(-110)/(-33). Suppose j - 2*j = -a. What is the greatest common factor of k and j?
16
Let s(x) = 73*x**2 - 9*x - 9. Let u = -104 + 102. Let k be s(u). What is the greatest common divisor of k and 43?
43
Let d(x) = -x**3 - 19*x**2 - 5*x + 41. Let n be d(-19). What is the greatest common factor of 170 and n?
34
Let i(p) = 6*p - 2. Let o be i(4). Suppose 9*q - 15 = 4*q. Suppose -r + 14 = -q*n, -5*r + 60 = n - 6*n. What is the highest common factor of r and o?
11
Let m(x) be the second derivative of x**3/3 - 7*x**2 + 13*x. Let r be m(13). Calculate the highest common factor of 24 and r.
12
Let y be (25/(-3))/(25/(-90)). Calculate the highest common factor of y and 80.
10
Let b be 539/22 - 9/6. What is the highest common divisor of 5 and b?
1
Let z(g) = -g**2 + 22*g - 7. Let r be z(15). Calculate the highest common divisor of r and 343.
49
Let i = 13 - -14. Let h(k) = -3*k**2 - 6*k + 6. Let v be h(-8). Let a = 147 + v. What is the greatest common factor of i and a?
9
Let r(f) = 7*f + 243. Let d be r(-34). Calculate the highest common factor of d and 1.
1
Let c = 207 - -66. What is the highest common factor of 117 and c?
39
Suppose 19*a - 4628 = 179. What is the highest common factor of 23 and a?
23
Let o be (-15)/25*5*-1. Suppose -12 = o*z - 9*z. What is the greatest common factor of 26 and z?
2
Suppose -368 = 53*l - 55*l. Calculate the greatest common divisor of 16 and l.
8
Let f(i) = -i**3 - 6*i**2 - 2*i - 13. Let t be f(-7). Suppose o + 4*h - 18 = -8, 5*o = -5*h + t. Calculate the highest common divisor of o and 200.
10
Suppose -29*w + 706 + 432 = 123. Suppose 0 = -5*k + 2*k + 525. Calculate the greatest common divisor of w and k.
35
Let m = -77 + 123. Let r = m - 2. Let z = 22 + 0. Calculate the greatest common divisor of z and r.
22
Let q(j) = 224*j - 8. Let m be q(2). Calculate the greatest common factor of m and 40.
40
Let x = 30 + -18. Let j be ((-280)/x)/(3/(-18)). What is the highest common factor of j and 20?
20
Let v = 269 + -209. What is the greatest common factor of v and 24?
12
Let b be 2 - (4 - 3) - 793. Let f be 3/((-203)/b + 4/(-18)). Calculate the greatest common divisor of f and 8.
8
Suppose 24*p = 3003 - 1059. Let d(n) be the second derivative of 5*n**3/6 - n**2/2 - 2*n. Let x be d(2). What is the highest common divisor of x and p?
9
Let m = -225 - -360. Calculate the highest common factor of 60 and m.
15
Suppose 176 = 33*r + 11*r. Let n(t) = 3*t**2 + 1. Let h be n(-1). Calculate the highest common factor of h and r.
4
Let b be (3/(-2))/(42/(-1120)). Calculate the highest common factor of b and 5.
5
Let p = -37 - -32. Let u be (p - (-22)/6)*-18. Let j = -6 - -78. Calculate the greatest common divisor of u and j.
24
Let t = 472 + -439. What is the highest common factor of t and 110?
11
Suppose 5*c - 41 - 214 = 0. Suppose 0 = 3*h - c + 36. Calculate the highest common factor of 45 and h.
5
Let a be (52/4)/(7/(3 + 256)). Calculate the highe